What is the ten thousands digit of 21679651?
7
What is the ten millions digit of 119921941?
1
What is the billions digit of 2786340744?
2
What is the units digit of 35490999?
9
What is the thousands digit of 130595390?
5
What is the hundred thousands digit of 3567211?
5
What is the tens digit of 63738948?
4
What is the ten millions digit of 787753434?
8
What is the tens digit of 141318048?
4
What is the thousands digit of 88060243?
0
What is the millions digit of 1111589299?
1
What is the millions digit of 33772543?
3
What is the hundred millions digit of 5906782624?
9
What is the tens digit of 6134552899?
9
What is the ten thousands digit of 1014846654?
4
What is the hundred millions digit of 1199579330?
1
What is the thousands digit of 352129788?
9
What is the ten thousands digit of 558783635?
8
What is the millions digit of 15759375?
5
What is the units digit of 152713552?
2
What is the ten thousands digit of 72729120?
2
What is the hundred millions digit of 271139284?
2
What is the thousands digit of 107931853?
1
What is the tens digit of 87510866?
6
What is the units digit of 53277272?
2
What is the ten millions digit of 400028217?
0
What is the billions digit of 3456241446?
3
What is the units digit of 4197483051?
1
What is the thousands digit of 266634727?
4
What is the units digit of 213813886?
6
What is the ten millions digit of 2452465316?
5
What is the hundred millions digit of 212834067?
2
What is the hundred thousands digit of 86503362?
5
What is the ten thousands digit of 242698586?
9
What is the tens digit of 56173819?
1
What is the tens digit of 195009830?
3
What is the thousands digit of 3200307320?
7
What is the ten millions digit of 1635701597?
3
What is the millions digit of 52779600?
2
What is the millions digit of 8824178728?
4
What is the ten thousands digit of 121388900?
8
What is the thousands digit of 17956960?
6
What is the tens digit of 188894313?
1
What is the millions digit of 142051357?
2
What is the units digit of 16849984?
4
What is the units digit of 1966308933?
3
What is the hundreds digit of 306368228?
2
What is the thousands digit of 77630831?
0
What is the billions digit of 5280109900?
5
What is the ten millions digit of 589264370?
8
What is the ten thousands digit of 6847865011?
6
What is the thousands digit of 84034066?
4
What is the millions digit of 1519538206?
9
What is the millions digit of 184264287?
4
What is the hundred thousands digit of 261495269?
4
What is the tens digit of 418427118?
1
What is the billions digit of 1975401123?
1
What is the units digit of 249106373?
3
What is the ten millions digit of 691078035?
9
What is the ten millions digit of 42218271?
4
What is the units digit of 1959626500?
0
What is the hundred thousands digit of 265008299?
0
What is the units digit of 2800673305?
5
What is the ten thousands digit of 47992663?
9
What is the ten thousands digit of 93269881?
6
What is the hundred thousands digit of 94410497?
4
What is the billions digit of 3248676235?
3
What is the ten thousands digit of 575085778?
8
What is the millions digit of 193097537?
3
What is the hundreds digit of 711305296?
2
What is the hundreds digit of 71364270?
2
What is the hundred thousands digit of 30906707?
9
What is the hundred thousands digit of 1260352517?
3
What is the millions digit of 2372142072?
2
What is the hundreds digit of 3019199853?
8
What is the ten millions digit of 7649393351?
4
What is the ten thousands digit of 272509656?
0
What is the tens digit of 432753283?
8
What is the ten millions digit of 47592723?
4
What is the tens digit of 333619030?
3
What is the millions digit of 3639288669?
9
What is the thousands digit of 32090484?
0
What is the hundred thousands digit of 842883783?
8
What is the hundred thousands digit of 1334871201?
8
What is the units digit of 180071949?
9
What is the millions digit of 37128774?
7
What is the billions digit of 4589785383?
4
What is the tens digit of 16079225?
2
What is the millions digit of 220819870?
0
What is the ten millions digit of 384172261?
8
What is the tens digit of 478745134?
3
What is the ten thousands digit of 41736278?
3
What is the tens digit of 1634892379?
7
What is the hundred thousands digit of 133796365?
7
What is the ten millions digit of 84494381?
8
What is the tens digit of 263626339?
3
What is the ten millions digit of 1095081574?
9
What is the tens digit of 2001981987?
8
What is the billions digit of 1204741949?
1
What is the millions digit of 98474477?
8
What is the hundreds digit of 45915579?
5
What is the tens digit of 25664807?
0
What is the millions digit of 13140952?
3
What is the hundreds digit of 173827490?
4
What is the hundreds digit of 555753879?
8
What is the tens digit of 2259703480?
8
What is the hundreds digit of 1007908142?
1
What is the millions digit of 160390157?
0
What is the hundreds digit of 8095045546?
5
What is the ten millions digit of 6013190067?
1
What is the millions digit of 150697053?
0
What is the ten thousands digit of 96123179?
2
What is the thousands digit of 79849559?
9
What is the tens digit of 282590048?
4
What is the units digit of 140296549?
9
What is the ten thousands digit of 35684367?
8
What is the hundred thousands digit of 103814611?
8
What is the hundred thousands digit of 109325161?
3
What is the units digit of 112170718?
8
What is the millions digit of 57635130?
7
What is the hundred thousands digit of 113130544?
1
What is the tens digit of 29473890?
9
What is the tens digit of 300789461?
6
What is the hundred thousands digit of 75138982?
1
What is the hundred thousands digit of 286957795?
9
What is the millions digit of 2404039332?
4
What is the ten thousands digit of 735245812?
4
What is the millions digit of 1548319605?
8
What is the tens digit of 2586369903?
0
What is the ten millions digit of 808750472?
0
What is the tens digit of 74660253?
5
What is the thousands digit of 19359114?
9
What is the ten millions digit of 34160624?
3
What is the millions digit of 506469061?
6
What is the hundreds digit of 609352454?
4
What is the thousands digit of 5912942163?
2
What is the ten thousands digit of 2279379262?
7
What is the hundreds digit of 1175624268?
2
What is the tens digit of 459358786?
8
What is the tens digit of 27183118?
1
What is the hundred thousands digit of 132373682?
3
What is the tens digit of 30834597?
9
What is the units digit of 1006854736?
6
What is the hundred thousands digit of 132460939?
4
What is the ten millions digit of 49615633?
4
What is the billions digit of 3814869892?
3
What is the hundred millions digit of 385155479?
3
What is the ten thousands digit of 19740304?
4
What is the hundreds digit of 291807165?
1
What is the thousands digit of 2332534346?
4
What is the hundred millions digit of 546385893?
5
What is the thousands digit of 1432799189?
9
What is the hundreds digit of 229187192?
1
What is the millions digit of 111203648?
1
What is the ten thousands digit of 2423239877?
3
What is the hundred thousands digit of 10446961?
4
What is the hundred millions digit of 1730042372?
7
What is the ten thousands digit of 357373067?
7
What is the millions digit of 123787764?
3
What is the hundred millions digit of 277066699?
2
What is the hundreds digit of 44035424?
4
What is the ten millions digit of 188058609?
8
What is the hundreds digit of 26746355?
3
What is the billions digit of 1035378717?
1
What is the ten thousands digit of 75326888?
2
What is the billions digit of 4467939057?
4
What is the units digit of 25798024?
4
What is the hundreds digit of 94523825?
8
What is the thousands digit of 15457217?
7
What is the ten thousands digit of 3718154874?
5
What is the tens digit of 95545964?
6
What is the thousands digit of 38896931?
6
What is the ten millions digit of 1259496306?
5
What is the tens digit of 17127660?
6
What is the thousands digit of 358375337?
5
What is the hundreds digit of 540015004?
0
What is the ten millions digit of 84642218?
8
What is the millions digit of 1563601199?
3
What is the units digit of 3692818971?
1
What is the ten millions digit of 1189339802?
8
What is the units digit of 421044533?
3
What is the ten millions digit of 211947486?
1
What is the units digit of 7466053695?
5
What is the units digit of 30464425?
5
What is the te